{"id":22,"date":"2024-02-23T19:00:46","date_gmt":"2024-02-23T18:00:46","guid":{"rendered":"https:\/\/pierrefontaine.felicanis.fr\/?page_id=22"},"modified":"2024-02-26T21:16:55","modified_gmt":"2024-02-26T20:16:55","slug":"contacts-et-horaires","status":"publish","type":"page","link":"https:\/\/pierrefontaine.felicanis.fr\/index.php\/contacts-et-horaires\/","title":{"rendered":"Contact et horaires"},"content":{"rendered":"\t\t<div data-elementor-type=\"wp-page\" data-elementor-id=\"22\" class=\"elementor elementor-22\">\n\t\t\t\t<div class=\"elementor-element elementor-element-0d4195e e-flex e-con-boxed e-con e-parent\" data-id=\"0d4195e\" data-element_type=\"container\">\n\t\t\t\t\t<div class=\"e-con-inner\">\n\t\t\t\t<div class=\"elementor-element elementor-element-c126d90 elementor-widget elementor-widget-heading\" data-id=\"c126d90\" data-element_type=\"widget\" data-widget_type=\"heading.default\">\n\t\t\t\t<div class=\"elementor-widget-container\">\n\t\t\t\t\t<h2 class=\"elementor-heading-title elementor-size-default\">Nos coordonn\u00e9es<\/h2>\t\t\t\t<\/div>\n\t\t\t\t<\/div>\n\t\t\t\t\t<\/div>\n\t\t\t\t<\/div>\n\t\t<div class=\"elementor-element elementor-element-95f9f10 e-con-full e-flex e-con e-parent\" data-id=\"95f9f10\" data-element_type=\"container\">\n\t\t<div class=\"elementor-element elementor-element-f1e7f62 e-con-full e-flex e-con e-child\" data-id=\"f1e7f62\" data-element_type=\"container\">\n\t\t\t\t<div class=\"elementor-element elementor-element-769626c elementor-widget__width-initial elementor-widget elementor-widget-text-editor\" data-id=\"769626c\" data-element_type=\"widget\" data-widget_type=\"text-editor.default\">\n\t\t\t\t<div class=\"elementor-widget-container\">\n\t\t\t\t\t\t\t\t\t<h3>&nbsp;<span style=\"font-size: 23px; font-weight: 600;\">Clinique V\u00e9t\u00e9rinaire de Pierrefontaine:<\/span><\/h3>\n<h3>8 rue de l&rsquo;ours<\/h3>\n<h3>68200 MULHOUSE<\/h3>\n<h1>T\u00e9l: 03 89 59 57 76<\/h1>\n<div>&nbsp;<\/div>\t\t\t\t\t\t\t\t<\/div>\n\t\t\t\t<\/div>\n\t\t\t\t<div class=\"elementor-element elementor-element-b62d76a elementor-widget elementor-widget-text-editor\" data-id=\"b62d76a\" data-element_type=\"widget\" data-widget_type=\"text-editor.default\">\n\t\t\t\t<div class=\"elementor-widget-container\">\n\t\t\t\t\t\t\t\t\t<h1>Horaires d&rsquo;ouverture:<\/h1><h3>du Lundi au Vendredi: de 8h30 \u00e0 12h et de 14h \u00e0 19h<\/h3><h3>le Samedi: de 9h \u00e0 12h<\/h3><div>\u00a0<\/div><h1>Consultation uniquement sur rendez-vous<\/h1><h3>Parking Clients<\/h3>\t\t\t\t\t\t\t\t<\/div>\n\t\t\t\t<\/div>\n\t\t\t\t<\/div>\n\t\t<div class=\"elementor-element elementor-element-7f65d64 e-con-full e-flex e-con e-child\" data-id=\"7f65d64\" data-element_type=\"container\">\n\t\t\t\t<div class=\"elementor-element elementor-element-5d55118 elementor-widget elementor-widget-google_maps\" data-id=\"5d55118\" data-element_type=\"widget\" data-widget_type=\"google_maps.default\">\n\t\t\t\t<div class=\"elementor-widget-container\">\n\t\t\t\t\t\t\t<div class=\"elementor-custom-embed\">\n\t\t\t<iframe loading=\"lazy\"\n\t\t\t\t\tsrc=\"https:\/\/maps.google.com\/maps?q=Clinique%20v%C3%A9t%C3%A9rinaire%20de%20Pierrefontaine%2C%20Mulhouse%2C%20France&#038;t=m&#038;z=16&#038;output=embed&#038;iwloc=near\"\n\t\t\t\t\ttitle=\"Clinique v\u00e9t\u00e9rinaire de Pierrefontaine, Mulhouse, France\"\n\t\t\t\t\taria-label=\"Clinique v\u00e9t\u00e9rinaire de Pierrefontaine, Mulhouse, France\"\n\t\t\t><\/iframe>\n\t\t<\/div>\n\t\t\t\t\t\t<\/div>\n\t\t\t\t<\/div>\n\t\t\t\t<\/div>\n\t\t\t\t<\/div>\n\t\t\t\t<\/div>\n\t\t","protected":false},"excerpt":{"rendered":"<p>Nos coordonn\u00e9es &nbsp;Clinique V\u00e9t\u00e9rinaire de Pierrefontaine: 8 rue de l&rsquo;ours 68200 MULHOUSE T\u00e9l: 03 89 59 57 76 &nbsp; Horaires d&rsquo;ouverture: du Lundi au Vendredi: de 8h30 \u00e0 12h et de 14h \u00e0 19h le Samedi: de 9h \u00e0 12h \u00a0 Consultation uniquement sur rendez-vous Parking Clients<\/p>\n","protected":false},"author":1,"featured_media":0,"parent":0,"menu_order":0,"comment_status":"closed","ping_status":"closed","template":"","meta":{"ocean_post_layout":"full-width","ocean_both_sidebars_style":"","ocean_both_sidebars_content_width":0,"ocean_both_sidebars_sidebars_width":0,"ocean_sidebar":"","ocean_second_sidebar":"","ocean_disable_margins":"enable","ocean_add_body_class":"","ocean_shortcode_before_top_bar":"","ocean_shortcode_after_top_bar":"","ocean_shortcode_before_header":"","ocean_shortcode_after_header":"","ocean_has_shortcode":"","ocean_shortcode_after_title":"","ocean_shortcode_before_footer_widgets":"","ocean_shortcode_after_footer_widgets":"","ocean_shortcode_before_footer_bottom":"","ocean_shortcode_after_footer_bottom":"","ocean_display_top_bar":"default","ocean_display_header":"default","ocean_header_style":"","ocean_center_header_left_menu":"","ocean_custom_header_template":"","ocean_custom_logo":0,"ocean_custom_retina_logo":0,"ocean_custom_logo_max_width":0,"ocean_custom_logo_tablet_max_width":0,"ocean_custom_logo_mobile_max_width":0,"ocean_custom_logo_max_height":0,"ocean_custom_logo_tablet_max_height":0,"ocean_custom_logo_mobile_max_height":0,"ocean_header_custom_menu":"","ocean_menu_typo_font_family":"","ocean_menu_typo_font_subset":"","ocean_menu_typo_font_size":0,"ocean_menu_typo_font_size_tablet":0,"ocean_menu_typo_font_size_mobile":0,"ocean_menu_typo_font_size_unit":"px","ocean_menu_typo_font_weight":"","ocean_menu_typo_font_weight_tablet":"","ocean_menu_typo_font_weight_mobile":"","ocean_menu_typo_transform":"","ocean_menu_typo_transform_tablet":"","ocean_menu_typo_transform_mobile":"","ocean_menu_typo_line_height":0,"ocean_menu_typo_line_height_tablet":0,"ocean_menu_typo_line_height_mobile":0,"ocean_menu_typo_line_height_unit":"","ocean_menu_typo_spacing":0,"ocean_menu_typo_spacing_tablet":0,"ocean_menu_typo_spacing_mobile":0,"ocean_menu_typo_spacing_unit":"","ocean_menu_link_color":"","ocean_menu_link_color_hover":"","ocean_menu_link_color_active":"","ocean_menu_link_background":"","ocean_menu_link_hover_background":"","ocean_menu_link_active_background":"","ocean_menu_social_links_bg":"","ocean_menu_social_hover_links_bg":"","ocean_menu_social_links_color":"","ocean_menu_social_hover_links_color":"","ocean_disable_title":"default","ocean_disable_heading":"default","ocean_post_title":"","ocean_post_subheading":"","ocean_post_title_style":"","ocean_post_title_background_color":"","ocean_post_title_background":0,"ocean_post_title_bg_image_position":"","ocean_post_title_bg_image_attachment":"","ocean_post_title_bg_image_repeat":"","ocean_post_title_bg_image_size":"","ocean_post_title_height":0,"ocean_post_title_bg_overlay":0.5,"ocean_post_title_bg_overlay_color":"","ocean_disable_breadcrumbs":"default","ocean_breadcrumbs_color":"","ocean_breadcrumbs_separator_color":"","ocean_breadcrumbs_links_color":"","ocean_breadcrumbs_links_hover_color":"","ocean_display_footer_widgets":"off","ocean_display_footer_bottom":"default","ocean_custom_footer_template":"","footnotes":""},"class_list":["post-22","page","type-page","status-publish","hentry","entry"],"_links":{"self":[{"href":"https:\/\/pierrefontaine.felicanis.fr\/index.php\/wp-json\/wp\/v2\/pages\/22","targetHints":{"allow":["GET"]}}],"collection":[{"href":"https:\/\/pierrefontaine.felicanis.fr\/index.php\/wp-json\/wp\/v2\/pages"}],"about":[{"href":"https:\/\/pierrefontaine.felicanis.fr\/index.php\/wp-json\/wp\/v2\/types\/page"}],"author":[{"embeddable":true,"href":"https:\/\/pierrefontaine.felicanis.fr\/index.php\/wp-json\/wp\/v2\/users\/1"}],"replies":[{"embeddable":true,"href":"https:\/\/pierrefontaine.felicanis.fr\/index.php\/wp-json\/wp\/v2\/comments?post=22"}],"version-history":[{"count":75,"href":"https:\/\/pierrefontaine.felicanis.fr\/index.php\/wp-json\/wp\/v2\/pages\/22\/revisions"}],"predecessor-version":[{"id":329,"href":"https:\/\/pierrefontaine.felicanis.fr\/index.php\/wp-json\/wp\/v2\/pages\/22\/revisions\/329"}],"wp:attachment":[{"href":"https:\/\/pierrefontaine.felicanis.fr\/index.php\/wp-json\/wp\/v2\/media?parent=22"}],"curies":[{"name":"wp","href":"https:\/\/api.w.org\/{rel}","templated":true}]}}